s the value of -68 - -80 - (15 + (-3 - 4))?
4
What is (6 + -8 - 4) + 5 - -5?
4
Evaluate (36 - 32 - -1) + (-4 - (0 + 0)).
1
Calculate 19 - 25 - ((-3 - 1) + 7).
-9
Evaluate -6 - ((6 - (4 - (-3 - -8))) + -21).
8
What is 28 + (18 - 34 - -5)?
17
What is the value of 4 - 31 - -13 - -13?
-1
Evaluate (-22 - (-11 - 15)) + 9 + 1.
14
What is the value of (12 - 11 - 8) + -4?
-11
(6 + 6 - -13) + 2 + -6
21
-2 - -9 - (-1 - (-8 + (15 - 9)))
6
Calculate (-3 - -12 - 1 - (-25 + 41)) + 6.
-2
Calculate (3 - 14) + (10 + 6 - -8).
13
What is the value of -12 + 14 - (-1 + 6)?
-3
What is the value of 0 + 22 + -69 + 32?
-15
What is the value of 29 - (-30 - -55 - -22)?
-18
Evaluate 22 - ((-8 + 3 - 6) + 3 + 13).
17
What is the value of (11 + 0 - (73 - 61)) + (17 - 2)?
14
What is the value of -4 + (-18 + 13 + -5 - 0)?
-14
What is -4 + 12 + (4 - (-1 - 4 - -3))?
14
What is (0 - 14) + (38 - (35 + -1))?
-10
Calculate (1 - -3) + 13 + -30 + 19 + 6.
12
What is the value of 8 - (6 + 0 + -4 - 1)?
7
What is the value of -11 - (-58 - -12 - 3 - (-2 + -1))?
35
Calculate (3665 - 3648) + (2 - 0) + -41.
-22
(-75 - -80) + -5 + 1
1
Evaluate (-28 - (-35 - -18)) + (0 - 0) + -2.
-13
Evaluate 11 + -6 + -8 + 0.
-3
Calculate -2 + 15 + -23 + -18.
-28
What is the value of 2 + -2 + (-1 - 1) + (442 - 443)?
-3
What is (-1 - 2 - 11) + 341 + -335?
-8
Evaluate -9 + (-4 - 1) - ((4 - 10) + 3).
-11
-8 + -1 - (-75 + 57 + 39)
-30
What is the value of 2 - ((-9 - -19) + -9 + 2)?
-1
What is 2 + (-5 - -5) + 1 - -8?
11
What is 12 + -25 - (7 - 41)?
21
What is (9 - 5) + -15 + -2 + 8 + -9?
-14
Evaluate 1 - (20 + -10) - (2 + 7).
-18
Evaluate 30 + -31 + (35 - 40).
-6
Calculate 169 - 141 - (20 + 1).
7
4 - ((-11 - -2) + (2 - (12 + -22)))
1
Calculate 30 - (-4 - (-7 - 15)).
12
What is 40 + -7 - 4 - (33 + -22)?
18
What is the value of (-35 - -68) + -57 - 0?
-24
-355 + 355 + -3 + -1
-4
Calculate -14 - 0 - (-169 - -155).
0
What is the value of 46 - 48 - (-36 - -8)?
26
Calculate -2 - (16 + -5 - 10).
-3
Evaluate 4 + -2 - (2 + -15 + 1).
14
Evaluate 14 - (12 + -1 + (111 - 133)).
25
What is -2 - (-9 + 18 - -22) - (14 + -18)?
-29
Calculate (2 + -2 + 8 - 8) + -18 - -4.
-14
Evaluate 24 - 20 - -14 - 7.
11
What is 20 + -2 - (-68 + 86)?
0
(-666 - -686) + -3 + 2 + 1 + -2
18
What is -12 + 9 + (-19 - -9) + -1?
-14
Calculate 4 + 0 + -2 + (-36 - -50).
16
What is (25 - 20 - (-1 + 6)) + (2 - -2)?
4
Evaluate 25 - (-10 + 57 + -12).
-10
Evaluate -1 + -33 + -20 + (22 - -14).
-18
What is 8 + -33 + 29 + -18?
-14
Evaluate 4 - (1 + -1 - (10 - 14)).
0
What is 8 + (1 - 3) - (1000 + -982)?
-12
0 - (4 + -1) - (-12 - (2 + -26))
-15
Evaluate (-9 - -2) + (-8 - (-24 + 0)).
9
Evaluate 1052 - 1067 - (-2 - 0).
-13
What is (-4 - 1 - (-194 + 191)) + 3?
1
What is -13 - (1 + -2 + -7)?
-5
Calculate -8 - -5 - (-14 - -9).
2
Evaluate 10 + -3 + (-3 - 11) + -11.
-18
What is the value of 24 + (2 - 6) - 14?
6
Evaluate (7 - 11) + -4 - (11 - 4).
-15
Calculate (-10 - -2) + -14 + -16 + 28.
-10
Evaluate -31 - (-61 - (-19 - -21)).
32
What is the value of (-26 + 5 - -36) + (-8 - -6)?
13
What is the value of (-9 - (10 - (-12 + 43)) - 11) + 26?
27
Evaluate 5 - 3 - 4 - (5 + 9 - 20).
4
(6 - (-18 + 34)) + 4
-6
Calculate (-21 - -17) + (8 - ((-3 - -5) + -3)).
5
What is the value of -1 + (-6 - -7 - 3) + 3?
0
Evaluate (21 - 22) + -17 + 19.
1
-12 + (-4 - -10 - 3)
-9
Calculate 148 + -180 - (-1 + -14) - 1.
-18
Calculate 4 + -26 + (8 - 13) + 7 - -8.
-12
Evaluate -12 + 4 + (1 + -1 - -2 - 1).
-7
9 - (-9 - 0 - (-28 - -22))
12
-34 - (-25 + (9 - 10))
-8
18 + (-53 - -28 - -1)
-6
Evaluate -6 + (-2 + 10 - -1).
3
What is the value of 12 - (6 + 8 + 9)?
-11
What is the value of 0 - -4 - (38 - 51) - -5?
22
-17 - -11 - -15 - 13
-4
What is the value of 85 - 98 - (-3 - 2)?
-8
Evaluate -2 - (1 - 11 - (6 - 10)).
4
Evaluate 0 + 2 + (-37 - (18 - 38)).
-15
2 + 11 + (-32 - -33)
14
Calculate 27 - 21 - (4 - -4).
-2
What is the value of 9 - (-9 + 14 - -1)?
3
Calculate 2 + (-7 - (-3 + (-8 - -12))).
-6
Calculate -34 + 23 + 12 - -10.
11
What is the value of (1 - 5) + (8 - (-5 + -16 + 13))?
12
What is the value of 0 + 17 - (24 + -13 - -42)?
-36
What is the value of 6 - ((-38 - -30) + 0)?
14
Calculate 9 - ((-17 - -4 - -5) + 24).
-7
Evaluate 3 - (0 + -4) - -4.
11
What is -3 + (6 - 7) + 19 + -2?
13
Evaluate 2 + 6 + -10 + 0 + -7 + 13.
4
15 - (-17 + -5 + 27 - -6)
4
Evaluate (3 + 22 - (-5 + 9 + -4)) + 0.
25
What is -5 + (0 - -8 - (-6 - 3))?
12
Evaluate (29 - (-18 - -37)) + (0 - -2).
12
Calculate -22 + -1 + 66 + -49.
-6
What is the value of (11 - (1 - -2)) + (-38 + 25 - -2)?
-3
-109 + 100 - (2 - 12)
1
What is (0 - (12 - -4)) + 4?
-12
Calculate -19 - -10 - ((5 - 6 - 5) + 3).
-6
What is -21 - (10 + (2 - 23) + 5)?
-15
(3 - 10) + -2 + (-18 - (19 + -8))
-38
Evaluate 10 + (-17 - -19) + -6.
6
Evaluate (3 - (-7 + -1 + 13 + -1)) + 5.
4
What is the value of 1 + (-17 - -16) + 3 - (-2 - -28)?
-23
What is -13 + 20 + 1 - -7?
15
Calculate 29 + (0 - (33 + -14)).
10
What is -31 - (-113 + 44 - -5)?
33
-1 - (3 - 0) - -7 - -3
6
Evaluate 2 - (-8 - (5 + -5 - 3 - 0)).
7
What is the value of 9 - 2 - (14 - 16 - (6 - 2))?
13
What is 2 - 5 - (12 + (1 - 7))?
-9
2 - 29 - ((-30 - -20) + -4)
-13
8 + 30 - (-14 + 67)
-15
What is the value of 8 + 1 - (372 - 376)?
13
What is 22 - (-25 - (-8 + 25 + -33))?
31
Evaluate -20 - (-19 + (-6 + 8 - -20)).
-23
What is 2 + -1 + -6 + 5 + (-55 - -54)?
-1
What is 8 + -21 + (4 + 2 - -20)?
13
Calculate (3 - (-2 - 16 - 2)) + (104 - 115).
12
Calculate (0 - -8 - 1) + 0 - 14.
-7
What is -9 - ((21 - 7 - 17) + 5 + -2)?
-9
Calculate ((13 - 7) + 6 - 1) + -12.
-1
Calculate 2 + -21 + (7 - -4).
-8
Evaluate -20 - (-18 - (-9 - 0)).
-11
Calculate -56 + 128 - (30 - -15).
27
What is the value of (-139 - -149) + (2 - 14)?
-2
What is (-6 - 31) + (5 - (4 + -11))?
-25
What is the value of (8 - (-8 + 6 + 6)) + 0?
4
What is the value of 16 - (12 - (15 + -16))?
3
Evaluate (-10 - (1 - -3 - (59 + -48))) + 9.
6
What is the value of 1 - -42 - (6 + (17 - 0) - 17)?
37
What is the value of 17 + (-9 - -6 - 14)?
0
What is -11 + (1 + -10 - (1 + 1) - -3)?
-19
5 + (-25 - -31) + (-3 - -3)
11
-8 + (-4 + -1 - (-12 + 3)) + -15
-19
Evaluate -24 + -39 + 24 + 42.
3
What is the value of (-791 - -795) + (-2 - (0 + 7))?
-5
1 + -21 + (71 - 67)
-16
What is the value of (-56 - -62 - (-1 - (0 - -16))) + 3?
26
Calculate (-343 - -336) + (15 - -1).
9
Calculate -9 + (2 - (2 + -8 + 6)) + 9.
2
Evaluate -4 - 32 - -43 - (-5 - -1 - 0).
11
4 + 11 + -8 + -3 + 16
20
What is 8 - (-1 + -2 + 9 + 5)?
-3
Evaluate -4 + 6 + -22 + 23.
3
-2 + -1 + -33 + -3 + 37
-2
Evaluate (0 - 1 - 9) + (28 - (-22 + 23)).
17
What is the value of 155 + -118 + (-8 - -3)?
32
What is the value of 1 - (29 + -1 + -19)?
-8
What is (7 - (1 + 1)) + -31 - (13 - 18)?
-21
(326 - 354) + (22 - 1)
-7
Calculate -12130 + 12115 + (-1 - (-1 - 5)).
-10
Evaluate -3 - (-3 - (2 - (3 + -5 - -2))).
2
What is the value of -2 + -3 - -1 - (0 - (0 - 8))?
-12
(20 - 16 - (-7 + 3)) + -18
-10
(4 - 5) + 5 - (3 + 1 - -2)
-2
Evaluate (-9 - 0 - -8) + -5.
-6
What is -16 + 10 + (6 - 20) + 10 - -24?
14
-4 - -6 - (7 + -2) - -8
5
What is the value of (13 - 3) + (-13 - -23)?
20
Calculate 1 - -2 - ((16 - 29) + 17).
-1
Evaluate (-19 - -20 - (0 + 9)) + 12.
4
Calculate -46 - -14 - (-28 - -6).
-10
Evaluate 2 - (12 - -1) - -7.
-4
Calculate (8 - -3 - 5 - -6) + (-2 - 2).
8
What is 27 - 23 - (-1 + 12)?
-7
What is the value of (13 + (-16 - 9) - -14) + 12?
14
Evaluate 12 - (8 + -17 - -11).
10
Calculate (3 - -1) + -2 + 1 + -1 + -11.
-9
-14 + 33 + (8 - 16)
11
What is -9 + -10 + 25 + 6 - (0 - 2)?
14
What is -41 - -3 - (-508 - -438)?
32
Calculate 2 - 6 - (17 - 17) - (4 - 1).
-7
What is 16 - 4 - 22 - (2 - (-20 - -3))?
-29
What is the value of -14 + 7 + (-5 - (9 - 15))?
-6
What is the value of -28 + -6 + 20 - (-3 + 2 + -1)?
-12
Calculate -10 + 0 + 1 - (-560 + 550).
1
Evaluate -17 + (-1 - 3 - (-52 - -33)).
-2
What is the value of 1 - 0 - (13 + -19 + 10)?
-3
Evaluate 3 + (0 - (4 + 8)) - 6.
-15
What is the value of (-2 - -3 - 2) + (7 - 7) + 10?
9
Calculate 0 - (6 + 0) - (733 - 738).
-1
What is the value of (4 - (8 + -10)) + -8?
-2
(1 - (7 - 3) - (20 + -17)) + 7
1
Evaluate -3951 - -3946 - (1 + (1 - -7)).
-14
What is 9 + 6 + -14 + (-1 - -1)?
1
Calculate 7 + -2 + -19 - ((2 - -1) + -4).
-13
Evaluate -2 + 1 - ((19 - 10) + -1 + -21).
12
Evaluate (-8 - -15) + (-18 - (-4 + -1 + 